{"id":676,"date":"2025-10-01T10:38:45","date_gmt":"2025-10-01T08:38:45","guid":{"rendered":"https:\/\/buzz4job.be\/proforma\/?page_id=676"},"modified":"2025-10-01T11:41:27","modified_gmt":"2025-10-01T09:41:27","slug":"cap-emploi-devenez-assistant-dans-ladministration-du-personnel","status":"publish","type":"page","link":"https:\/\/buzz4job.be\/proforma\/cap-emploi-devenez-assistant-dans-ladministration-du-personnel\/","title":{"rendered":"Cap emploi : devenez assistant\u00b7e dans l&rsquo;administration du personnel"},"content":{"rendered":"\n<h2 class=\"wp-block-heading\">Objectifs<\/h2>\n\n\n\n<p>La formation s&rsquo;adresse \u00e0 des chercheur\u00b7euse\u00b7s positionn\u00e9\u00b7e\u00b7s dans le secteur administratif et qui ont d\u00e9j\u00e0 des acquis dans ce domaine.<br><\/p>\n\n\n\n<p>Nous  proposons un accompagnement de 18 mois maximum, proposant d&rsquo;engranger des atouts pour booster l&rsquo;insertion professionnelle :<br>&#8211; Titres de validation de comp\u00e9tences (Agent d&rsquo;accueil, Employ\u00e9 administratif), pour cr\u00e9dibiliser les parcours.<br>&#8211; Une sp\u00e9cialisation \u00e0 haute valeur ajout\u00e9e : Assistant dans l&rsquo;administration du personnel, donn\u00e9e par le Forem Val-Beno\u00eet.<br>&#8211; Des stages en entreprises.<br>&#8211; Un coaching emploi pendant toute la dur\u00e9e du parcours, les atouts acquis seront confront\u00e9s au march\u00e9 de l&#8217;emploi au fur et \u00e0 mesure.<br>&#8211; Remobilisation, remises \u00e0 niveau (comp\u00e9tences de base, techniques de bureautique et administratives), &#8230;<\/p>\n\n\n\n<h2 class=\"wp-block-heading\">Profil des participants (12)<\/h2>\n\n\n\n<p>Etre demandeur\u00b7euse d\u2019emploi de 45 ans ou plus et remplir une des conditions  suivantes :<\/p>\n\n\n\n<ul>\n<li>\u00catre inoccup\u00e9 depuis au moins 12 mois et disposer au maximum du CESS<\/li>\n\n\n\n<li>\u00catre inoccup\u00e9 depuis au moins 6 mois et disposer au maximum du CE2D (CESI)<\/li>\n\n\n\n<li>\u00catre inscrit dans un trajet de retour au travail (malade de longue dur\u00e9e)<\/li>\n<\/ul>\n\n\n\n<h2 class=\"wp-block-heading\">Informations utiles<\/h2>\n\n\n\n<p>Dur\u00e9e de la session&nbsp;:&nbsp;<strong>variable<\/strong>, fonction de  l&rsquo;insertion professionnelle<\/p>\n\n\n\n<p>Remobilisation, remises \u00e0 niveau et validation de comp\u00e9tences : 810h<\/p>\n\n\n\n<p>Formation professionnelle d&rsquo;Assistant dans l&rsquo;administration du personnel : 202h + 160h de stage<\/p>\n\n\n\n<p>Accompagnement psychosocial&nbsp;: 40h<\/p>\n\n\n\n<p>Accompagnement vers et dans l&#8217;emploi (transversal) : 270h + 160h  de stage (optionnel)<\/p>\n\n\n\n<p>Moyenne de 30h\/semaine (sauf stage), pas le mercredi.<\/p>\n\n\n\n<p>Session : <strong>Du 17 novembre 2025 au 26 f\u00e9vrier 2027 \u00a0<\/strong>(stage inclus)<\/p>\n\n\n\n<p>Une convention avec le FOREM permet aux stagiaires d\u2019obtenir un contrat F70 bis qui donne droit au remboursement forfaitaire de leurs frais de transport, une prime de formation professionnelle d\u2019un montant imposable de 2 Eur bruts par heure de cours suivie, une intervention forfaitaire imposable dans les frais de cr\u00e8che ou de garderie.<\/p>\n\n\n\n<h2 class=\"wp-block-heading\">Partenariats<\/h2>\n\n\n<div class=\"wp-block-image\">\n<figure class=\"alignright\"><img decoding=\"async\" loading=\"lazy\" width=\"148\" height=\"43\" src=\"https:\/\/buzz4job.be\/proforma\/wp-content\/uploads\/2021\/11\/Logo-Forem-noir2021-e1636472927825.png\" alt=\"\" class=\"wp-image-367\"\/><\/figure><\/div>\n\n\n<p><span class=\"Normaldossier10-H\">Formation organis\u00e9e en partenariat et avec le soutien du FOREM<\/span><span class=\"Normaldossier10-H\">.&nbsp;<\/span><\/p>\n\n\n<div class=\"wp-block-image\">\n<figure class=\"alignright is-resized\"><img decoding=\"async\" loading=\"lazy\" src=\"https:\/\/buzz4job.be\/proforma\/wp-content\/uploads\/2025\/10\/logo-formathe.png\" alt=\"\" class=\"wp-image-681\" width=\"194\" height=\"50\"\/><\/figure><\/div>\n\n\n<p>Et en partenariat avec Formath\u00e9.<\/p>\n\n\n\n<h2 class=\"wp-block-heading\">Programme de formation<\/h2>\n\n\n\n<p><strong>Remobilisation\/ Remises \u00e0 niveau :<\/strong><\/p>\n\n\n\n<p>&#8211; Remobilisation, d\u00e9veloppement personnel, dynamique de groupe<\/p>\n\n\n\n<p>&#8211; Remise \u00e0 niveau dans les comp\u00e9tences de base, les techniques (avanc\u00e9es) de bureautique, les techniques administratives<\/p>\n\n\n\n<p>&#8211; Cours de communication<\/p>\n\n\n\n<p>&#8211; Pr\u00e9paration aux \u00e9preuves de validation de comp\u00e9tences et concr\u00e9tisation<\/p>\n\n\n\n<p>&#8211; Pr\u00e9paration au Screening de secr\u00e9taire pour l&rsquo;acc\u00e8s \u00e0 la formation professionnelle et concr\u00e9tisation<\/p>\n\n\n\n<p>&#8211; Pr\u00e9paration \u00e0 la formation professionnelle pour le bon suivi de celle-ci, pr\u00e9requis essentiels<\/p>\n\n\n\n<p>&#8211; L&rsquo;IA au service du m\u00e9tier<\/p>\n\n\n\n<p>&#8211; D\u00e9veloppement des comp\u00e9tences linguistiques (transversal) <\/p>\n\n\n\n<p><strong>Formation professionnelle d&rsquo;assistant dans l&rsquo;administration du personnel :<\/strong><\/p>\n\n\n\n<p>&#8211; Suivi des engagements et fin de contrats<\/p>\n\n\n\n<p>&#8211; Fiche de r\u00e9mun\u00e9ration<\/p>\n\n\n\n<p>&#8211; D\u00e9claration des prestations au secr\u00e9tariat social<\/p>\n\n\n\n<p>&#8211; Production des \u00e9tats sociaux (tableaux de bord)<\/p>\n\n\n\n<p>&#8211; Inspection et conservation des documents<\/p>\n\n\n\n<p>&#8211; Ateliers pratiques : faire un retour oral bref sur une nouveaut\u00e9\/sujet social<\/p>\n\n\n\n<p>&#8211; R\u00e9alisation d\u2019\u00e9tats sociaux avec un tableur<\/p>\n\n\n\n<p>&#8211; Stage en entreprise<\/p>\n\n\n\n<p><strong>Coaching emploi :<\/strong><\/p>\n\n\n\n<p>&#8211; Techniques de recherche d\u2019emploi, d\u00e9marches novatrices et nouvelles pratiques (entretiens online)<\/p>\n\n\n\n<p>&#8211; D\u00e9veloppement du r\u00e9seau professionnel (rallye emploi, interview, job day, \u2026)<\/p>\n\n\n\n<p>&#8211; Image num\u00e9rique valorisante, Linkedin, Mon Profil Forem<\/p>\n\n\n\n<p>&#8211; Applications mobiles pour plus de r\u00e9activit\u00e9, organiser sa recherche d&#8217;emploi, d\u00e9velopper sa mobilit\u00e9<\/p>\n\n\n\n<p>&#8211; Ateliers de recherche de stage\/emploi, coaching individuel<\/p>\n\n\n\n<p><strong>Accompagnement psychosocial (transversal et individuel)<\/strong> <\/p>\n\n\n\n<p>&#8211; Identification des freins, pistes de solution<\/p>\n\n\n\n<h2 class=\"wp-block-heading\">M\u00e9thodologie<\/h2>\n\n\n\n<p>&#8211; Individualisation du programme en fonction des besoins, co-construction<\/p>\n\n\n\n<p>&#8211; P\u00e9dagogique diff\u00e9renci\u00e9e, activit\u00e9s ludiques, entreprise virtuelle, &#8230;<\/p>\n\n\n\n<p>&#8211; M\u00e9thode Agile appliqu\u00e9e au processus d&rsquo;apprentissage<\/p>\n\n\n\n<h2 class=\"wp-block-heading\">Inscription<\/h2>\n\n\n<div role=\"form\" class=\"wpcf7\" id=\"wpcf7-f84-o1\" lang=\"fr-FR\" dir=\"ltr\">\n<div class=\"screen-reader-response\"><\/div>\n<form action=\"\/proforma\/wp-json\/wp\/v2\/pages\/676#wpcf7-f84-o1\" method=\"post\" class=\"wpcf7-form\" novalidate=\"novalidate\">\n<div style=\"display: none;\">\n<input type=\"hidden\" name=\"_wpcf7\" value=\"84\" \/>\n<input type=\"hidden\" name=\"_wpcf7_version\" value=\"5.0.4\" \/>\n<input type=\"hidden\" name=\"_wpcf7_locale\" value=\"fr_FR\" \/>\n<input type=\"hidden\" name=\"_wpcf7_unit_tag\" value=\"wpcf7-f84-o1\" \/>\n<input type=\"hidden\" name=\"_wpcf7_container_post\" value=\"0\" \/>\n<\/div>\n<p><label> Votre nom (obligatoire)<br \/>\n    <span class=\"wpcf7-form-control-wrap your-name\"><input type=\"text\" name=\"your-name\" value=\"\" size=\"40\" class=\"wpcf7-form-control wpcf7-text wpcf7-validates-as-required\" aria-required=\"true\" aria-invalid=\"false\" \/><\/span> <\/label><\/p>\n<p><label> Votre adresse de messagerie (obligatoire)<br \/>\n    <span class=\"wpcf7-form-control-wrap your-email\"><input type=\"email\" name=\"your-email\" value=\"\" size=\"40\" class=\"wpcf7-form-control wpcf7-text wpcf7-email wpcf7-validates-as-required wpcf7-validates-as-email\" aria-required=\"true\" aria-invalid=\"false\" \/><\/span> <\/label><\/p>\n<p><label> Objet<br \/>\n    <span class=\"wpcf7-form-control-wrap your-subject\"><input type=\"text\" name=\"your-subject\" value=\"\" size=\"40\" class=\"wpcf7-form-control wpcf7-text\" aria-invalid=\"false\" \/><\/span> <\/label><\/p>\n<p><label> Votre message<br \/>\n    <span class=\"wpcf7-form-control-wrap your-message\"><textarea name=\"your-message\" cols=\"40\" rows=\"10\" class=\"wpcf7-form-control wpcf7-textarea\" aria-invalid=\"false\"><\/textarea><\/span> <\/label><\/p>\n<div class=\"wpcf7-form-control-wrap\"><div data-sitekey=\"6LdVq5gUAAAAAHgsSoe936KqWOxGmjXLWtbX7Ukf\" class=\"wpcf7-form-control g-recaptcha wpcf7-recaptcha\"><\/div>\n<noscript>\n\t<div style=\"width: 302px; height: 422px;\">\n\t\t<div style=\"width: 302px; height: 422px; position: relative;\">\n\t\t\t<div style=\"width: 302px; height: 422px; position: absolute;\">\n\t\t\t\t<iframe src=\"https:\/\/www.google.com\/recaptcha\/api\/fallback?k=6LdVq5gUAAAAAHgsSoe936KqWOxGmjXLWtbX7Ukf\" frameborder=\"0\" scrolling=\"no\" style=\"width: 302px; height:422px; border-style: none;\">\n\t\t\t\t<\/iframe>\n\t\t\t<\/div>\n\t\t\t<div style=\"width: 300px; height: 60px; border-style: none; bottom: 12px; left: 25px; margin: 0px; padding: 0px; right: 25px; background: #f9f9f9; border: 1px solid #c1c1c1; border-radius: 3px;\">\n\t\t\t\t<textarea id=\"g-recaptcha-response\" name=\"g-recaptcha-response\" class=\"g-recaptcha-response\" style=\"width: 250px; height: 40px; border: 1px solid #c1c1c1; margin: 10px 25px; padding: 0px; resize: none;\">\n\t\t\t\t<\/textarea>\n\t\t\t<\/div>\n\t\t<\/div>\n\t<\/div>\n<\/noscript>\n<\/div>\n<p><input type=\"submit\" value=\"Envoyer\" class=\"wpcf7-form-control wpcf7-submit\" \/><\/p>\n<p style=\"display: none !important;\" class=\"akismet-fields-container\" data-prefix=\"_wpcf7_ak_\"><label>&#916;<textarea name=\"_wpcf7_ak_hp_textarea\" cols=\"45\" rows=\"8\" maxlength=\"100\"><\/textarea><\/label><input type=\"hidden\" id=\"ak_js_1\" name=\"_wpcf7_ak_js\" value=\"204\"\/><script>document.getElementById( \"ak_js_1\" ).setAttribute( \"value\", ( new Date() ).getTime() );<\/script><\/p><div class=\"wpcf7-response-output wpcf7-display-none\"><\/div><\/form><\/div>\n\n\n\n<p><\/p>\n","protected":false},"excerpt":{"rendered":"<p>Objectifs La formation s&rsquo;adresse \u00e0 des chercheur\u00b7euse\u00b7s positionn\u00e9\u00b7e\u00b7s dans le secteur administratif et qui ont d\u00e9j\u00e0 des acquis dans ce domaine. Nous proposons un accompagnement de 18 mois maximum, proposant d&rsquo;engranger des atouts pour booster l&rsquo;insertion professionnelle :&#8211; Titres de validation de comp\u00e9tences (Agent d&rsquo;accueil, Employ\u00e9 administratif), pour cr\u00e9dibiliser les parcours.&#8211; Une sp\u00e9cialisation \u00e0 haute &hellip; <\/p>\n<p class=\"link-more\"><a href=\"https:\/\/buzz4job.be\/proforma\/cap-emploi-devenez-assistant-dans-ladministration-du-personnel\/\" class=\"more-link\">Continuer la lecture<span class=\"screen-reader-text\"> de &laquo;&nbsp;Cap emploi : devenez assistant\u00b7e dans l&rsquo;administration du personnel&nbsp;&raquo;<\/span><\/a><\/p>\n","protected":false},"author":1,"featured_media":0,"parent":0,"menu_order":0,"comment_status":"closed","ping_status":"closed","template":"","meta":[],"_links":{"self":[{"href":"https:\/\/buzz4job.be\/proforma\/wp-json\/wp\/v2\/pages\/676"}],"collection":[{"href":"https:\/\/buzz4job.be\/proforma\/wp-json\/wp\/v2\/pages"}],"about":[{"href":"https:\/\/buzz4job.be\/proforma\/wp-json\/wp\/v2\/types\/page"}],"author":[{"embeddable":true,"href":"https:\/\/buzz4job.be\/proforma\/wp-json\/wp\/v2\/users\/1"}],"replies":[{"embeddable":true,"href":"https:\/\/buzz4job.be\/proforma\/wp-json\/wp\/v2\/comments?post=676"}],"version-history":[{"count":12,"href":"https:\/\/buzz4job.be\/proforma\/wp-json\/wp\/v2\/pages\/676\/revisions"}],"predecessor-version":[{"id":690,"href":"https:\/\/buzz4job.be\/proforma\/wp-json\/wp\/v2\/pages\/676\/revisions\/690"}],"wp:attachment":[{"href":"https:\/\/buzz4job.be\/proforma\/wp-json\/wp\/v2\/media?parent=676"}],"curies":[{"name":"wp","href":"https:\/\/api.w.org\/{rel}","templated":true}]}}

<h2 class="wp-block-heading">Objectifs</h2>



<p>La formation s&rsquo;adresse à des chercheur·euse·s positionné·e·s dans le secteur administratif et qui ont déjà des acquis dans ce domaine.<br></p>



<p>Nous  proposons un accompagnement de 18 mois maximum, proposant d&rsquo;engranger des atouts pour booster l&rsquo;insertion professionnelle :<br>&#8211; Titres de validation de compétences (Agent d&rsquo;accueil, Employé administratif), pour crédibiliser les parcours.<br>&#8211; Une spécialisation à haute valeur ajoutée : Assistant dans l&rsquo;administration du personnel, donnée par le Forem Val-Benoît.<br>&#8211; Des stages en entreprises.<br>&#8211; Un coaching emploi pendant toute la durée du parcours, les atouts acquis seront confrontés au marché de l&#8217;emploi au fur et à mesure.<br>&#8211; Remobilisation, remises à niveau (compétences de base, techniques de bureautique et administratives), &#8230;</p>



<h2 class="wp-block-heading">Profil des participants (12)</h2>



<p>Etre demandeur·euse d’emploi de 45 ans ou plus et remplir une des conditions  suivantes :</p>



<ul>
<li>Être inoccupé depuis au moins 12 mois et disposer au maximum du CESS</li>



<li>Être inoccupé depuis au moins 6 mois et disposer au maximum du CE2D (CESI)</li>



<li>Être inscrit dans un trajet de retour au travail (malade de longue durée)</li>
</ul>



<h2 class="wp-block-heading">Informations utiles</h2>



<p>Durée de la session&nbsp;:&nbsp;<strong>variable</strong>, fonction de  l&rsquo;insertion professionnelle</p>



<p>Remobilisation, remises à niveau et validation de compétences : 810h</p>



<p>Formation professionnelle d&rsquo;Assistant dans l&rsquo;administration du personnel : 202h + 160h de stage</p>



<p>Accompagnement psychosocial&nbsp;: 40h</p>



<p>Accompagnement vers et dans l&#8217;emploi (transversal) : 270h + 160h  de stage (optionnel)</p>



<p>Moyenne de 30h/semaine (sauf stage), pas le mercredi.</p>



<p>Session : <strong>Du 17 novembre 2025 au 26 février 2027  </strong>(stage inclus)</p>



<p>Une convention avec le FOREM permet aux stagiaires d’obtenir un contrat F70 bis qui donne droit au remboursement forfaitaire de leurs frais de transport, une prime de formation professionnelle d’un montant imposable de 2 Eur bruts par heure de cours suivie, une intervention forfaitaire imposable dans les frais de crèche ou de garderie.</p>



<h2 class="wp-block-heading">Partenariats</h2>


<div class="wp-block-image">
<figure class="alignright"><img decoding="async" loading="lazy" width="148" height="43" src="https://buzz4job.be/proforma/wp-content/uploads/2021/11/Logo-Forem-noir2021-e1636472927825.png" alt="" class="wp-image-367"/></figure></div>


<p><span class="Normaldossier10-H">Formation organisée en partenariat et avec le soutien du FOREM</span><span class="Normaldossier10-H">.&nbsp;</span></p>


<div class="wp-block-image">
<figure class="alignright is-resized"><img decoding="async" loading="lazy" src="https://buzz4job.be/proforma/wp-content/uploads/2025/10/logo-formathe.png" alt="" class="wp-image-681" width="194" height="50"/></figure></div>


<p>Et en partenariat avec Formathé.</p>



<h2 class="wp-block-heading">Programme de formation</h2>



<p><strong>Remobilisation/ Remises à niveau :</strong></p>



<p>&#8211; Remobilisation, développement personnel, dynamique de groupe</p>



<p>&#8211; Remise à niveau dans les compétences de base, les techniques (avancées) de bureautique, les techniques administratives</p>



<p>&#8211; Cours de communication</p>



<p>&#8211; Préparation aux épreuves de validation de compétences et concrétisation</p>



<p>&#8211; Préparation au Screening de secrétaire pour l&rsquo;accès à la formation professionnelle et concrétisation</p>



<p>&#8211; Préparation à la formation professionnelle pour le bon suivi de celle-ci, prérequis essentiels</p>



<p>&#8211; L&rsquo;IA au service du métier</p>



<p>&#8211; Développement des compétences linguistiques (transversal) </p>



<p><strong>Formation professionnelle d&rsquo;assistant dans l&rsquo;administration du personnel :</strong></p>



<p>&#8211; Suivi des engagements et fin de contrats</p>



<p>&#8211; Fiche de rémunération</p>



<p>&#8211; Déclaration des prestations au secrétariat social</p>



<p>&#8211; Production des états sociaux (tableaux de bord)</p>



<p>&#8211; Inspection et conservation des documents</p>



<p>&#8211; Ateliers pratiques : faire un retour oral bref sur une nouveauté/sujet social</p>



<p>&#8211; Réalisation d’états sociaux avec un tableur</p>



<p>&#8211; Stage en entreprise</p>



<p><strong>Coaching emploi :</strong></p>



<p>&#8211; Techniques de recherche d’emploi, démarches novatrices et nouvelles pratiques (entretiens online)</p>



<p>&#8211; Développement du réseau professionnel (rallye emploi, interview, job day, …)</p>



<p>&#8211; Image numérique valorisante, Linkedin, Mon Profil Forem</p>



<p>&#8211; Applications mobiles pour plus de réactivité, organiser sa recherche d&#8217;emploi, développer sa mobilité</p>



<p>&#8211; Ateliers de recherche de stage/emploi, coaching individuel</p>



<p><strong>Accompagnement psychosocial (transversal et individuel)</strong> </p>



<p>&#8211; Identification des freins, pistes de solution</p>



<h2 class="wp-block-heading">Méthodologie</h2>



<p>&#8211; Individualisation du programme en fonction des besoins, co-construction</p>



<p>&#8211; Pédagogique différenciée, activités ludiques, entreprise virtuelle, &#8230;</p>



<p>&#8211; Méthode Agile appliquée au processus d&rsquo;apprentissage</p>



<h2 class="wp-block-heading">Inscription</h2>


<div role="form" class="wpcf7" id="wpcf7-f84-o1" lang="fr-FR" dir="ltr">
<div class="screen-reader-response"></div>
<form action="/proforma/wp-json/wp/v2/pages/676#wpcf7-f84-o1" method="post" class="wpcf7-form" novalidate="novalidate">
<div style="display: none;">
<input type="hidden" name="_wpcf7" value="84" />
<input type="hidden" name="_wpcf7_version" value="5.0.4" />
<input type="hidden" name="_wpcf7_locale" value="fr_FR" />
<input type="hidden" name="_wpcf7_unit_tag" value="wpcf7-f84-o1" />
<input type="hidden" name="_wpcf7_container_post" value="0" />
</div>
<p><label> Votre nom (obligatoire)<br />
    <span class="wpcf7-form-control-wrap your-name"><input type="text" name="your-name" value="" size="40" class="wpcf7-form-control wpcf7-text wpcf7-validates-as-required" aria-required="true" aria-invalid="false" /></span> </label></p>
<p><label> Votre adresse de messagerie (obligatoire)<br />
    <span class="wpcf7-form-control-wrap your-email"><input type="email" name="your-email" value="" size="40" class="wpcf7-form-control wpcf7-text wpcf7-email wpcf7-validates-as-required wpcf7-validates-as-email" aria-required="true" aria-invalid="false" /></span> </label></p>
<p><label> Objet<br />
    <span class="wpcf7-form-control-wrap your-subject"><input type="text" name="your-subject" value="" size="40" class="wpcf7-form-control wpcf7-text" aria-invalid="false" /></span> </label></p>
<p><label> Votre message<br />
    <span class="wpcf7-form-control-wrap your-message"><textarea name="your-message" cols="40" rows="10" class="wpcf7-form-control wpcf7-textarea" aria-invalid="false"></textarea></span> </label></p>
<div class="wpcf7-form-control-wrap"><div data-sitekey="6LdVq5gUAAAAAHgsSoe936KqWOxGmjXLWtbX7Ukf" class="wpcf7-form-control g-recaptcha wpcf7-recaptcha"></div>
<noscript>
	<div style="width: 302px; height: 422px;">
		<div style="width: 302px; height: 422px; position: relative;">
			<div style="width: 302px; height: 422px; position: absolute;">
				<iframe src="https://www.google.com/recaptcha/api/fallback?k=6LdVq5gUAAAAAHgsSoe936KqWOxGmjXLWtbX7Ukf" frameborder="0" scrolling="no" style="width: 302px; height:422px; border-style: none;">
				</iframe>
			</div>
			<div style="width: 300px; height: 60px; border-style: none; bottom: 12px; left: 25px; margin: 0px; padding: 0px; right: 25px; background: #f9f9f9; border: 1px solid #c1c1c1; border-radius: 3px;">
				<textarea id="g-recaptcha-response" name="g-recaptcha-response" class="g-recaptcha-response" style="width: 250px; height: 40px; border: 1px solid #c1c1c1; margin: 10px 25px; padding: 0px; resize: none;">
				</textarea>
			</div>
		</div>
	</div>
</noscript>
</div>
<p><input type="submit" value="Envoyer" class="wpcf7-form-control wpcf7-submit" /></p>
<p style="display: none !important;" class="akismet-fields-container" data-prefix="_wpcf7_ak_"><label>&#916;<textarea name="_wpcf7_ak_hp_textarea" cols="45" rows="8" maxlength="100"></textarea></label><input type="hidden" id="ak_js_1" name="_wpcf7_ak_js" value="204"/><script>document.getElementById( "ak_js_1" ).setAttribute( "value", ( new Date() ).getTime() );</script></p><div class="wpcf7-response-output wpcf7-display-none"></div></form></div>



<p></p>

<p>Objectifs La formation s&rsquo;adresse à des chercheur·euse·s positionné·e·s dans le secteur administratif et qui ont déjà des acquis dans ce domaine. Nous proposons un accompagnement de 18 mois maximum, proposant d&rsquo;engranger des atouts pour booster l&rsquo;insertion professionnelle :&#8211; Titres de validation de compétences (Agent d&rsquo;accueil, Employé administratif), pour crédibiliser les parcours.&#8211; Une spécialisation à haute &hellip; </p>
<p class="link-more"><a href="https://buzz4job.be/proforma/cap-emploi-devenez-assistant-dans-ladministration-du-personnel/" class="more-link">Continuer la lecture<span class="screen-reader-text"> de &laquo;&nbsp;Cap emploi : devenez assistant·e dans l&rsquo;administration du personnel&nbsp;&raquo;</span></a></p>
