{"id":50,"date":"2024-12-17T11:23:21","date_gmt":"2024-12-17T10:23:21","guid":{"rendered":"http:\/\/buzz4job.be\/proforma\/?page_id=50"},"modified":"2025-06-05T10:33:25","modified_gmt":"2025-06-05T08:33:25","slug":"ateliers-fle-citoyens","status":"publish","type":"page","link":"https:\/\/buzz4job.be\/proforma\/ateliers-fle-citoyens\/","title":{"rendered":"Ateliers FLE citoyens"},"content":{"rendered":"<h2><strong>Objectifs<\/strong><\/h2>\n<hr \/>\n<p>Il s\u2019agit d\u2019une formation concomitante avec:<\/p>\n<ul>\n<li>l\u2019apprentissage du FLE intensif et omnipr\u00e9sent<\/li>\n<li>la formation \u00e0 la citoyennet\u00e9, contenus DISCRI<\/li>\n<li>des rencontres interculturelles avec nos concitoyens : les participants, pourront, gr\u00e2ce au projet citoyen (activit\u00e9 en partenariat avec une association, une \u00e9cole, etc.), rencontrer des citoyens belges, mettre en valeur et en application leurs comp\u00e9tences et faciliter ainsi une int\u00e9gration active.<\/li>\n<\/ul>\n<p>Le projet vise l\u2019ouverture \u00e0 l\u2019interculturalit\u00e9 et \u00e0 ses richesses.<\/p>\n<h2><strong>Public cible<\/strong><\/h2>\n<hr \/>\n<p>Notre formation s\u2019adresse \u00e0 des personnes \u00e9trang\u00e8res ou d&rsquo;origine \u00e9trang\u00e8re devant am\u00e9liorer leur fran\u00e7ais mais pr\u00e9sentant un niveau minimal permettant une communication \u00e9l\u00e9mentaire (des personnes qui ont \u00e9t\u00e9 scolaris\u00e9es avec un niveau A1.1 \u2013 A2 en fran\u00e7ais).<\/p>\n<h2><strong>Informations utiles<\/strong><\/h2>\n<hr \/>\n<ul>\n<li>Du\u00a0 1er avril au 30 juin 2025<\/li>\n<li>47 jours de formation, 4 jours par semaine de 8h30 \u00e0 17h.<\/li>\n<li>Les frais de d\u00e9placement sont rembours\u00e9s.<\/li>\n<\/ul>\n<p style=\"text-align: center;\"><strong>Inscription obligatoire \u00e0 une s\u00e9ance d&rsquo;information au 04 224 96 00.<\/strong><\/p>\n<h2><strong>T\u00e9moignages des projets citoyens<\/strong><\/h2>\n<hr \/>\n<p>Nos stagiaires relatent leur exp\u00e9rience des rencontres interculturelles sur le blog d\u00e9di\u00e9 \u00e0 nos formations: <a href=\"http:\/\/parcours-citoyen.be\">http:\/\/parcours-citoyen.be<\/a><\/p>\n<h2><strong>Partenariat<\/strong><\/h2>\n<hr \/>\n<p>Formation organis\u00e9e en partenariat avec le <strong>Cripel dans le cadre des Initiatives Locales d\u2019Int\u00e9gration avec le soutien de la Wallonie.<\/strong><img decoding=\"async\" loading=\"lazy\" class=\"alignnone wp-image-48\" src=\"https:\/\/buzz4job.be\/proforma\/wp-content\/uploads\/2018\/03\/Wallonie-SPW-300x159.png\" alt=\"\" width=\"202\" height=\"107\" srcset=\"https:\/\/buzz4job.be\/proforma\/wp-content\/uploads\/2018\/03\/Wallonie-SPW-300x159.png 300w, https:\/\/buzz4job.be\/proforma\/wp-content\/uploads\/2018\/03\/Wallonie-SPW.png 482w\" sizes=\"(max-width: 202px) 100vw, 202px\" \/><img decoding=\"async\" loading=\"lazy\" class=\"size-medium wp-image-44 alignleft\" src=\"https:\/\/buzz4job.be\/proforma\/wp-content\/uploads\/2018\/03\/Cripel-300x121.jpg\" alt=\"\" width=\"300\" height=\"121\" srcset=\"https:\/\/buzz4job.be\/proforma\/wp-content\/uploads\/2018\/03\/Cripel-300x121.jpg 300w, https:\/\/buzz4job.be\/proforma\/wp-content\/uploads\/2018\/03\/Cripel-768x309.jpg 768w, https:\/\/buzz4job.be\/proforma\/wp-content\/uploads\/2018\/03\/Cripel-1024x413.jpg 1024w, https:\/\/buzz4job.be\/proforma\/wp-content\/uploads\/2018\/03\/Cripel.jpg 1824w\" sizes=\"(max-width: 300px) 100vw, 300px\" \/><\/p>\n<h2><strong>Inscription<\/strong><\/h2>\n<hr \/>\n<div role=\"form\" class=\"wpcf7\" id=\"wpcf7-f86-o1\" lang=\"fr-FR\" dir=\"ltr\">\n<div class=\"screen-reader-response\"><\/div>\n<form action=\"\/proforma\/wp-json\/wp\/v2\/pages\/50#wpcf7-f86-o1\" method=\"post\" class=\"wpcf7-form\" novalidate=\"novalidate\">\n<div style=\"display: none;\">\n<input type=\"hidden\" name=\"_wpcf7\" value=\"86\" \/>\n<input type=\"hidden\" name=\"_wpcf7_version\" value=\"5.0.4\" \/>\n<input type=\"hidden\" name=\"_wpcf7_locale\" value=\"fr_FR\" \/>\n<input type=\"hidden\" name=\"_wpcf7_unit_tag\" value=\"wpcf7-f86-o1\" \/>\n<input type=\"hidden\" name=\"_wpcf7_container_post\" value=\"0\" \/>\n<\/div>\n<p><label> Votre nom (obligatoire)<br \/>\n    <span class=\"wpcf7-form-control-wrap your-name\"><input type=\"text\" name=\"your-name\" value=\"\" size=\"40\" class=\"wpcf7-form-control wpcf7-text wpcf7-validates-as-required\" aria-required=\"true\" aria-invalid=\"false\" \/><\/span> <\/label><\/p>\n<p><label> Votre adresse de messagerie (obligatoire)<br \/>\n    <span class=\"wpcf7-form-control-wrap your-email\"><input type=\"email\" name=\"your-email\" value=\"\" size=\"40\" class=\"wpcf7-form-control wpcf7-text wpcf7-email wpcf7-validates-as-required wpcf7-validates-as-email\" aria-required=\"true\" aria-invalid=\"false\" \/><\/span> <\/label><\/p>\n<p><label> Objet<br \/>\n    <span class=\"wpcf7-form-control-wrap your-subject\"><input type=\"text\" name=\"your-subject\" value=\"\" size=\"40\" class=\"wpcf7-form-control wpcf7-text\" aria-invalid=\"false\" \/><\/span> <\/label><\/p>\n<p><label> Votre message<br \/>\n    <span class=\"wpcf7-form-control-wrap your-message\"><textarea name=\"your-message\" cols=\"40\" rows=\"10\" class=\"wpcf7-form-control wpcf7-textarea\" aria-invalid=\"false\"><\/textarea><\/span> <\/label><\/p>\n<div class=\"wpcf7-form-control-wrap\"><div data-sitekey=\"6LdVq5gUAAAAAHgsSoe936KqWOxGmjXLWtbX7Ukf\" class=\"wpcf7-form-control g-recaptcha wpcf7-recaptcha\"><\/div>\n<noscript>\n\t<div style=\"width: 302px; height: 422px;\">\n\t\t<div style=\"width: 302px; height: 422px; position: relative;\">\n\t\t\t<div style=\"width: 302px; height: 422px; position: absolute;\">\n\t\t\t\t<iframe src=\"https:\/\/www.google.com\/recaptcha\/api\/fallback?k=6LdVq5gUAAAAAHgsSoe936KqWOxGmjXLWtbX7Ukf\" frameborder=\"0\" scrolling=\"no\" style=\"width: 302px; height:422px; border-style: none;\">\n\t\t\t\t<\/iframe>\n\t\t\t<\/div>\n\t\t\t<div style=\"width: 300px; height: 60px; border-style: none; bottom: 12px; left: 25px; margin: 0px; padding: 0px; right: 25px; background: #f9f9f9; border: 1px solid #c1c1c1; border-radius: 3px;\">\n\t\t\t\t<textarea id=\"g-recaptcha-response\" name=\"g-recaptcha-response\" class=\"g-recaptcha-response\" style=\"width: 250px; height: 40px; border: 1px solid #c1c1c1; margin: 10px 25px; padding: 0px; resize: none;\">\n\t\t\t\t<\/textarea>\n\t\t\t<\/div>\n\t\t<\/div>\n\t<\/div>\n<\/noscript>\n<\/div>\n<p><input type=\"submit\" value=\"Envoyer\" class=\"wpcf7-form-control wpcf7-submit\" \/><\/p>\n<p style=\"display: none !important;\" class=\"akismet-fields-container\" data-prefix=\"_wpcf7_ak_\"><label>&#916;<textarea name=\"_wpcf7_ak_hp_textarea\" cols=\"45\" rows=\"8\" maxlength=\"100\"><\/textarea><\/label><input type=\"hidden\" id=\"ak_js_1\" name=\"_wpcf7_ak_js\" value=\"179\"\/><script>document.getElementById( \"ak_js_1\" ).setAttribute( \"value\", ( new Date() ).getTime() );<\/script><\/p><div class=\"wpcf7-response-output wpcf7-display-none\"><\/div><\/form><\/div>\n","protected":false},"excerpt":{"rendered":"<p>Objectifs Il s\u2019agit d\u2019une formation concomitante avec: l\u2019apprentissage du FLE intensif et omnipr\u00e9sent la formation \u00e0 la citoyennet\u00e9, contenus DISCRI des rencontres interculturelles avec nos concitoyens : les participants, pourront, gr\u00e2ce au projet citoyen (activit\u00e9 en partenariat avec une association, une \u00e9cole, etc.), rencontrer des citoyens belges, mettre en valeur et en application leurs comp\u00e9tences &hellip; <\/p>\n<p class=\"link-more\"><a href=\"https:\/\/buzz4job.be\/proforma\/ateliers-fle-citoyens\/\" class=\"more-link\">Continuer la lecture<span class=\"screen-reader-text\"> de &laquo;&nbsp;Ateliers FLE citoyens&nbsp;&raquo;<\/span><\/a><\/p>\n","protected":false},"author":1,"featured_media":0,"parent":0,"menu_order":0,"comment_status":"closed","ping_status":"closed","template":"","meta":[],"_links":{"self":[{"href":"https:\/\/buzz4job.be\/proforma\/wp-json\/wp\/v2\/pages\/50"}],"collection":[{"href":"https:\/\/buzz4job.be\/proforma\/wp-json\/wp\/v2\/pages"}],"about":[{"href":"https:\/\/buzz4job.be\/proforma\/wp-json\/wp\/v2\/types\/page"}],"author":[{"embeddable":true,"href":"https:\/\/buzz4job.be\/proforma\/wp-json\/wp\/v2\/users\/1"}],"replies":[{"embeddable":true,"href":"https:\/\/buzz4job.be\/proforma\/wp-json\/wp\/v2\/comments?post=50"}],"version-history":[{"count":23,"href":"https:\/\/buzz4job.be\/proforma\/wp-json\/wp\/v2\/pages\/50\/revisions"}],"predecessor-version":[{"id":629,"href":"https:\/\/buzz4job.be\/proforma\/wp-json\/wp\/v2\/pages\/50\/revisions\/629"}],"wp:attachment":[{"href":"https:\/\/buzz4job.be\/proforma\/wp-json\/wp\/v2\/media?parent=50"}],"curies":[{"name":"wp","href":"https:\/\/api.w.org\/{rel}","templated":true}]}}

<h2><strong>Objectifs</strong></h2>
<hr />
<p>Il s’agit d’une formation concomitante avec:</p>
<ul>
<li>l’apprentissage du FLE intensif et omniprésent</li>
<li>la formation à la citoyenneté, contenus DISCRI</li>
<li>des rencontres interculturelles avec nos concitoyens : les participants, pourront, grâce au projet citoyen (activité en partenariat avec une association, une école, etc.), rencontrer des citoyens belges, mettre en valeur et en application leurs compétences et faciliter ainsi une intégration active.</li>
</ul>
<p>Le projet vise l’ouverture à l’interculturalité et à ses richesses.</p>
<h2><strong>Public cible</strong></h2>
<hr />
<p>Notre formation s’adresse à des personnes étrangères ou d&rsquo;origine étrangère devant améliorer leur français mais présentant un niveau minimal permettant une communication élémentaire (des personnes qui ont été scolarisées avec un niveau A1.1 – A2 en français).</p>
<h2><strong>Informations utiles</strong></h2>
<hr />
<ul>
<li>Du  1er avril au 30 juin 2025</li>
<li>47 jours de formation, 4 jours par semaine de 8h30 à 17h.</li>
<li>Les frais de déplacement sont remboursés.</li>
</ul>
<p style="text-align: center;"><strong>Inscription obligatoire à une séance d&rsquo;information au 04 224 96 00.</strong></p>
<h2><strong>Témoignages des projets citoyens</strong></h2>
<hr />
<p>Nos stagiaires relatent leur expérience des rencontres interculturelles sur le blog dédié à nos formations: <a href="http://parcours-citoyen.be">http://parcours-citoyen.be</a></p>
<h2><strong>Partenariat</strong></h2>
<hr />
<p>Formation organisée en partenariat avec le <strong>Cripel dans le cadre des Initiatives Locales d’Intégration avec le soutien de la Wallonie.</strong><img decoding="async" loading="lazy" class="alignnone wp-image-48" src="https://buzz4job.be/proforma/wp-content/uploads/2018/03/Wallonie-SPW-300x159.png" alt="" width="202" height="107" srcset="https://buzz4job.be/proforma/wp-content/uploads/2018/03/Wallonie-SPW-300x159.png 300w, https://buzz4job.be/proforma/wp-content/uploads/2018/03/Wallonie-SPW.png 482w" sizes="(max-width: 202px) 100vw, 202px" /><img decoding="async" loading="lazy" class="size-medium wp-image-44 alignleft" src="https://buzz4job.be/proforma/wp-content/uploads/2018/03/Cripel-300x121.jpg" alt="" width="300" height="121" srcset="https://buzz4job.be/proforma/wp-content/uploads/2018/03/Cripel-300x121.jpg 300w, https://buzz4job.be/proforma/wp-content/uploads/2018/03/Cripel-768x309.jpg 768w, https://buzz4job.be/proforma/wp-content/uploads/2018/03/Cripel-1024x413.jpg 1024w, https://buzz4job.be/proforma/wp-content/uploads/2018/03/Cripel.jpg 1824w" sizes="(max-width: 300px) 100vw, 300px" /></p>
<h2><strong>Inscription</strong></h2>
<hr />
<div role="form" class="wpcf7" id="wpcf7-f86-o1" lang="fr-FR" dir="ltr">
<div class="screen-reader-response"></div>
<form action="/proforma/wp-json/wp/v2/pages/50#wpcf7-f86-o1" method="post" class="wpcf7-form" novalidate="novalidate">
<div style="display: none;">
<input type="hidden" name="_wpcf7" value="86" />
<input type="hidden" name="_wpcf7_version" value="5.0.4" />
<input type="hidden" name="_wpcf7_locale" value="fr_FR" />
<input type="hidden" name="_wpcf7_unit_tag" value="wpcf7-f86-o1" />
<input type="hidden" name="_wpcf7_container_post" value="0" />
</div>
<p><label> Votre nom (obligatoire)<br />
    <span class="wpcf7-form-control-wrap your-name"><input type="text" name="your-name" value="" size="40" class="wpcf7-form-control wpcf7-text wpcf7-validates-as-required" aria-required="true" aria-invalid="false" /></span> </label></p>
<p><label> Votre adresse de messagerie (obligatoire)<br />
    <span class="wpcf7-form-control-wrap your-email"><input type="email" name="your-email" value="" size="40" class="wpcf7-form-control wpcf7-text wpcf7-email wpcf7-validates-as-required wpcf7-validates-as-email" aria-required="true" aria-invalid="false" /></span> </label></p>
<p><label> Objet<br />
    <span class="wpcf7-form-control-wrap your-subject"><input type="text" name="your-subject" value="" size="40" class="wpcf7-form-control wpcf7-text" aria-invalid="false" /></span> </label></p>
<p><label> Votre message<br />
    <span class="wpcf7-form-control-wrap your-message"><textarea name="your-message" cols="40" rows="10" class="wpcf7-form-control wpcf7-textarea" aria-invalid="false"></textarea></span> </label></p>
<div class="wpcf7-form-control-wrap"><div data-sitekey="6LdVq5gUAAAAAHgsSoe936KqWOxGmjXLWtbX7Ukf" class="wpcf7-form-control g-recaptcha wpcf7-recaptcha"></div>
<noscript>
	<div style="width: 302px; height: 422px;">
		<div style="width: 302px; height: 422px; position: relative;">
			<div style="width: 302px; height: 422px; position: absolute;">
				<iframe src="https://www.google.com/recaptcha/api/fallback?k=6LdVq5gUAAAAAHgsSoe936KqWOxGmjXLWtbX7Ukf" frameborder="0" scrolling="no" style="width: 302px; height:422px; border-style: none;">
				</iframe>
			</div>
			<div style="width: 300px; height: 60px; border-style: none; bottom: 12px; left: 25px; margin: 0px; padding: 0px; right: 25px; background: #f9f9f9; border: 1px solid #c1c1c1; border-radius: 3px;">
				<textarea id="g-recaptcha-response" name="g-recaptcha-response" class="g-recaptcha-response" style="width: 250px; height: 40px; border: 1px solid #c1c1c1; margin: 10px 25px; padding: 0px; resize: none;">
				</textarea>
			</div>
		</div>
	</div>
</noscript>
</div>
<p><input type="submit" value="Envoyer" class="wpcf7-form-control wpcf7-submit" /></p>
<p style="display: none !important;" class="akismet-fields-container" data-prefix="_wpcf7_ak_"><label>&#916;<textarea name="_wpcf7_ak_hp_textarea" cols="45" rows="8" maxlength="100"></textarea></label><input type="hidden" id="ak_js_1" name="_wpcf7_ak_js" value="179"/><script>document.getElementById( "ak_js_1" ).setAttribute( "value", ( new Date() ).getTime() );</script></p><div class="wpcf7-response-output wpcf7-display-none"></div></form></div>

<p>Objectifs Il s’agit d’une formation concomitante avec: l’apprentissage du FLE intensif et omniprésent la formation à la citoyenneté, contenus DISCRI des rencontres interculturelles avec nos concitoyens : les participants, pourront, grâce au projet citoyen (activité en partenariat avec une association, une école, etc.), rencontrer des citoyens belges, mettre en valeur et en application leurs compétences &hellip; </p>
<p class="link-more"><a href="https://buzz4job.be/proforma/ateliers-fle-citoyens/" class="more-link">Continuer la lecture<span class="screen-reader-text"> de &laquo;&nbsp;Ateliers FLE citoyens&nbsp;&raquo;</span></a></p>
